 Let w be (5 + k)/((-1)/17). Let g = w - -108. Is g a composite number?
True
Is ((-452928)/(-12))/16 - 3/(-1) a prime number?
False
Is (4 - -5343)/(9/117) a prime number?
False
Let y(d) = 63*d**2 - 3*d - 21. Let j be y(12). Is (-2)/(-8) - (-2)/(40/j) a prime number?
False
Let t(i) = -i + 1. Let n be t(-2). Suppose n*g + 289 = 5*w + 2*g, 0 = -5*g + 5. Suppose -188 - w = -3*h. Is h prime?
False
Let v = -29 + 33. Suppose 0*c - v*c + 3804 = 4*l, -4*l - 5*c = -3806. Is l a prime number?
False
Let g be (-639)/4 + (-57)/(-76). Is (338/(-78))/(1/g) a prime number?
False
Let v(d) = -114*d - 293. Is v(-45) composite?
True
Let s(n) be the first derivative of 50*n**3/3 + n**2/2 - 9*n - 16. Is s(-4) composite?
False
Suppose -123*c + 1390454 = -97*c. Is c a composite number?
False
Is 4194685/440 - (-6)/(-16) composite?
False
Let a(p) = 41*p**2 + 21*p - 289. Is a(-30) a prime number?
False
Suppose 2*a + 2*o - 8 = 0, 3*a + o - 6 = a. Let j be 8/4 + 2/a. Let w(s) = 5*s**3 + 4*s**2 - 2*s + 2. Is w(j) composite?
False
Let y be 12/18 + (-2864)/3. Let f = -565 - y. Is f a prime number?
True
Suppose -2*g + 521 = 163. Suppose -g = 13*t - 14*t. Is t a prime number?
True
Let w = 3515 + -1844. Is w a composite number?
True
Let h = 72 + 108. Let l = h - 446. Let t = -153 - l. Is t prime?
True
Let y(v) = -119*v - 3. Suppose -w - 2 + 0 = 0. Let l be y(w). Let k = l - 104. Is k a prime number?
True
Suppose -4*l + 51500 = 4*z, 5*z = 2*l + 2*l + 64339. Is z a prime number?
False
Let q = -17235 - -48975. Suppose -q = -8*y - 1268. Is y composite?
True
Let c(o) = -1150*o - 933. Is c(-17) composite?
False
Let c(f) = 408*f + 55. Is c(5) prime?
False
Let z = -5620 - -8706. Is z composite?
True
Suppose 0 = -9*o - 4154 + 90437. Is o a prime number?
True
Let y be (-2)/(-10) + 19/5. Let h be -4 + 3 + 33 + y. Let x = h + 41. Is x prime?
False
Let y(w) = -22*w + 3*w**2 + 21 + 4*w**2 + 10*w**2 - 5*w**2. Is y(15) a composite number?
True
Suppose 2*i + 3*v - 11858 = 0, 3*v + 9775 = 4*i - 13905. Is i a composite number?
False
Let x(k) = -k**2 - 8*k - 9. Let v be x(-7). Let c be ((-30)/(-12))/(1/v). Is c/((-10)/(-106))*-7 a composite number?
True
Suppose 0*j = -3*j + 2*v + 275, -v = -4*j + 365. Is j a prime number?
False
Let l(p) = 19*p**2 - 8*p + 107. Is l(14) a composite number?
False
Let h = 138 - 136. Is (h/4)/(27/10314) prime?
True
Let g(t) be the first derivative of -221*t**2/2 - 4*t + 13. Is g(-1) prime?
False
Let c be -24*(3 + 1524/16). Let v = 3389 + c. Is v a composite number?
False
Let c(m) = 3*m**2 - m. Let o be c(-1). Suppose o = -2*l + 4*l. Is l/(-4)*(-7 - 651) composite?
True
Let q(f) = f**2 - 43*f + 20. Let g be q(20). Let l = g - -2277. Is l a composite number?
True
Suppose -4 = -3*z - 7. Let b(n) = -n**2 - 3*n - 1. Let m be b(-3). Is (-178)/((m + z)*1) a composite number?
False
Let r(h) be the second derivative of -17*h**7/420 - h**6/180 - h**5/60 - h**4/24 - h**3 + 2*h. Let q(y) be the second derivative of r(y). Is q(-1) composite?
True
Let o be 6/9*24/4. Suppose 3*a = -9, 5*y = o*a - 2 + 19. Let b(z) = 97*z**3 + z**2 - 2*z + 1. Is b(y) composite?
False
Let j(f) = 59*f**3 + 4*f**2 + 12*f - 44. Is j(3) prime?
True
Suppose -5*m = 3*b - 5*b + 12703, -5*b + 31742 = 3*m. Is b a composite number?
True
Let p(h) = 78*h**2 - 11*h**2 + h + 95*h**2 - 29*h**2 - 1. Is p(1) prime?
False
Let w = 9617 + -2878. Is w prime?
False
Suppose 3*j + 2*o = 38, 3*o = 3*j - 18 - 15. Let d(b) = b**3 - 9*b**2 + 4*b - 1. Is d(j) composite?
False
Suppose -12 = 4*n, 2*z = -0*z - 2*n + 2. Suppose -z*u - 15 = -5*t, -2*t + 4 = -2*u - 2. Suppose 4*d - 52 = -u*d. Is d prime?
True
Let f be 2/(-5) + 378/(-30). Let x = f - 1. Is (0 - x)/((-22)/(-187)) a composite number?
True
Let o = 17 + -12. Suppose 2*b + b + 5 = 2*r, o*b - 5 = 0. Suppose 957 = -j + 6*j - w, -r*w = 4*j - 756. Is j a composite number?
False
Suppose -4*z + 19 = -i, 0*i = 5*i + 15. Let p(v) = -v**3 + 4*v**2 + 2*v - 5. Let s be p(z). Suppose s*d - 92 = -d. Is d prime?
True
Suppose 0 = 19*d - 14*d + 195. Let r = -28 - d. Suppose n - 58 - r = 0. Is n a composite number?
True
Let h(g) = 3*g + 23. Let v be h(-7). Is (-834 - -12)*(v - 10/4) a prime number?
False
Is 2/(-7) - (-3606725)/623 prime?
False
Let b(p) = -6*p + 4. Let y be b(1). Is 38390/40 - (y + 11/4) a composite number?
True
Suppose 0 = -10*v + 17 + 3. Suppose v*x - 512 = 252. Is x a prime number?
False
Let w(n) be the third derivative of -n**6/120 - n**5/10 + 7*n**4/8 + 7*n**3/6 - 26*n**2. Is w(-16) composite?
True
Let l be -2*4*3/((-6)/1). Suppose -l*y = -y - 3246. Is y composite?
True
Suppose -2*d + 106 = 3*p + p, -4*d - 4 = 0. Is ((-10)/45 + 15/p)*2715 a composite number?
True
Suppose 11*q - 16*q = -385. Suppose 4*x = 393 - q. Is x composite?
False
Suppose -342 = 3*r - 4*r. Suppose -r = -4*l - 46. Let a = l + -41. Is a a prime number?
False
Let j(w) be the first derivative of 141*w**2/2 - w - 6. Let l be j(1). Suppose -l = -4*c - 4*k, -c - 4*c - 3*k + 171 = 0. Is c composite?
True
Is (-27835 + -7)/((-2 + 4)*-1) a composite number?
False
Let h = 47556 - 32155. Is h a prime number?
True
Let q = -272 - -275. Let x = -5 - -34. Suppose -q*t + 2*t = -w + x, -t = 4*w - 96. Is w prime?
False
Is -4*264255/30*2/(-4) composite?
True
Suppose -7*c + 2*c = -25645. Is c composite?
True
Let k = 78 + -25. Is k composite?
False
Let k = -463 + 1376. Is k a composite number?
True
Suppose -8*o = -24089 + 4369. Suppose 0 = -4*x + o - 549. Is x a prime number?
True
Suppose -x + 7*x = 18. Is (-3521)/(-14) - x/6 prime?
True
Suppose -8 = -q - 3*q. Suppose -q*x - 1 + 11 = 0. Suppose x*l + 5*t - 2885 = -0*l, 5*l + 2*t = 2897. Is l prime?
False
Suppose -4*a - 3*y - 32 = 0, 4*a - a + 2*y = -23. Let q be (0 - -83) + 2 + a. Suppose 30 + q = 5*b. Is b composite?
True
Let j(v) = -v + 8. Let k be j(4). Let g be ((-2328)/k)/((-3)/4). Is (g/12)/((-4)/(-30)) a prime number?
False
Suppose -26*q = -4*q - 2794. Is q a composite number?
False
Suppose 3*y - 2*b + 20 = 0, -10*b + 8*b = 5*y + 28. Is -6*y/36*1441 a composite number?
True
Let u(h) = 20*h**3 + 8*h**2 + 15*h - 69. Is u(4) composite?
False
Let r be 41/3 + (-13)/(-39). Let u(l) = l**2 - 2*l + 21. Let d be u(r). Let s = d - -2. Is s a prime number?
True
Suppose -z + 5*f = -5, 0*z + 3*z = 5*f - 15. Let x be (z/(-4))/((-12)/(-24)). Let s = x - -78. Is s a prime number?
True
Let p = -8280 - -20797. Is p a prime number?
True
Let n(g) = g**3 + 46*g**2 - 14*g + 10. Is n(-39) composite?
True
Let u = -8 + 1321. Is u a composite number?
True
Let y = 56 - 103. Let r = y - -160. Let c = r - 76. Is c prime?
True
Suppose -7*x + 545 = -2*x. Is x prime?
True
Let s(b) = -2*b**3 - 3*b**2 + 8*b + 17. Suppose -5*p + 2*h = 32, -2 = -5*h + 3*h. Is s(p) a composite number?
False
Suppose 0 = -t - 7*t + 104. Suppose -24937 = 2*c - t*c. Is c a composite number?
False
Suppose 0 = 13*t - 537 + 108. Is t a composite number?
True
Let q = -34 + 37. Suppose 4*t - q*t = 4*z + 433, -2*t - 5*z = -918. Is t composite?
False
Is (-1847872)/(-224) + 3/(-7) prime?
False
Suppose 2*x - 5*o = -119 - 199, -2*x = -o + 310. Let a = -914 + 1361. Let r = x + a. Is r composite?
False
Let a(o) = 5*o**3 + 7*o**2 - 9*o + 51. Let h(q) = -3*q**3 - 3*q**2 + 5*q - 26. Let n(f) = -4*a(f) - 7*h(f). Is n(9) composite?
False
Suppose 5*j = -4*n - 50, 0 = -j - 5*n + 9 + 2. Is (-30080)/j - 4/(84/(-9)) a composite number?
True
Let f(c) = -487*c**2 + 4*c - 3. Let r be f(2). Let m = 846 + r. Let s = 2080 + m. Is s composite?
False
Let s = 35 + 70. Let u = 112 + s. Is u a composite number?
True
Let v = 12 + -9. Suppose 5*s - v*o - 2399 = 0, 2*s - 5*o = 6*s - 1934. Is s composite?
True
Let x be (-508)/(-3)*(1 + 194). Suppose -x = 11*i - 31*i. Is i a prime number?
False
Is 3/18 + (-26039716)/(-408) a composite number?
False
Suppose 7*k - 651 - 45808 = 0. Is k a composite number?
False
Suppose -7*d - 22352 = -23*d. Is d composite?
True
Suppose 4 = -0*w + 4*w. Suppose -2*k + w = -3*x, -k = -3*x + 2*x + 1. Is (-206)/k - (-24)/16 a prime number?
True
Let z(b) = -18*b**3 + 2*b**2 - b - 5. Let h be z(4). Let a = -84 - h. Suppose 4*s = 4*n + 2*s - 1030, -4*n + a = 3*s. Is n composite?
True
Suppose 3*l + 5*d - 3 = 2*d, -l + d = -7. Let n(s) = 149*s + 27. Let z be n(-7). Is ((-2)/l)/(4/z) a prime number?
True
Is (-252)/(-63)*(-35251)/(-4) a p